{"id":50,"date":"2025-02-09T15:18:04","date_gmt":"2025-02-09T15:18:04","guid":{"rendered":"https:\/\/crmsdataspaceproject.uniovi.es\/?page_id=50"},"modified":"2026-04-08T22:40:41","modified_gmt":"2026-04-08T20:40:41","slug":"dissemination-communication","status":"publish","type":"page","link":"https:\/\/crmsdataspaceproject.uniovi.es\/index.php\/dissemination-communication\/","title":{"rendered":"Dissemination &amp; Communication"},"content":{"rendered":"<p style=\"text-align: center;\">&nbsp;<i class=\"fa fa-file fa-5x\" style=\"color: #00b8d5;\" aria-hidden=\"true\"><\/i><\/p>\n\n\n\n<p><strong>1.- A logo was born<\/strong>. For the development of the CRMsDataSpace project brand, we have based ourselves on three concepts:<\/p>\n\n\n\n<figure class=\"wp-block-image size-large\"><img loading=\"lazy\" decoding=\"async\" width=\"1024\" height=\"347\" src=\"https:\/\/crmsdataspaceproject.uniovi.es\/wp-content\/uploads\/2025\/08\/Tres-ideas-que-hacen-el-logo-1024x347.jpg\" alt=\"\" class=\"wp-image-180\" srcset=\"https:\/\/crmsdataspaceproject.uniovi.es\/wp-content\/uploads\/2025\/08\/Tres-ideas-que-hacen-el-logo-1024x347.jpg 1024w, https:\/\/crmsdataspaceproject.uniovi.es\/wp-content\/uploads\/2025\/08\/Tres-ideas-que-hacen-el-logo-300x102.jpg 300w, https:\/\/crmsdataspaceproject.uniovi.es\/wp-content\/uploads\/2025\/08\/Tres-ideas-que-hacen-el-logo-768x260.jpg 768w, https:\/\/crmsdataspaceproject.uniovi.es\/wp-content\/uploads\/2025\/08\/Tres-ideas-que-hacen-el-logo.jpg 1458w\" sizes=\"auto, (max-width: 1024px) 100vw, 1024px\" \/><\/figure>\n\n\n\n<p>By combining these three concepts, an icon has been created to symbolise the interoperable platform that will centralise standardised information on critical raw materials (CRMs). The stylised crystals represent critical raw materials recoverable from inactive deposits, and their interconnection emphasises collaboration between member states:<\/p>\n\n\n\n<figure class=\"wp-block-image size-full\"><img loading=\"lazy\" decoding=\"async\" width=\"358\" height=\"323\" src=\"https:\/\/crmsdataspaceproject.uniovi.es\/wp-content\/uploads\/2025\/08\/Logo-solo.jpg\" alt=\"\" class=\"wp-image-181\" srcset=\"https:\/\/crmsdataspaceproject.uniovi.es\/wp-content\/uploads\/2025\/08\/Logo-solo.jpg 358w, https:\/\/crmsdataspaceproject.uniovi.es\/wp-content\/uploads\/2025\/08\/Logo-solo-300x271.jpg 300w\" sizes=\"auto, (max-width: 358px) 100vw, 358px\" \/><\/figure>\n\n\n\n<p class=\"has-text-align-center\"><a href=\"https:\/\/crmsdataspaceproject.uniovi.es\/wp-content\/uploads\/2026\/02\/CRMsDataSpaceProject.pdf\" target=\"_blank\" rel=\"noreferrer noopener\">Download the logo creation process<\/a><\/p>\n\n\n\n<figure class=\"wp-block-image aligncenter size-large is-resized\"><img loading=\"lazy\" decoding=\"async\" width=\"1024\" height=\"573\" src=\"https:\/\/crmsdataspaceproject.uniovi.es\/wp-content\/uploads\/2025\/09\/CRMsDS_rgb_2lineas_azul-1024x573.png\" alt=\"\" class=\"wp-image-205\" style=\"width:421px;height:auto\" srcset=\"https:\/\/crmsdataspaceproject.uniovi.es\/wp-content\/uploads\/2025\/09\/CRMsDS_rgb_2lineas_azul-1024x573.png 1024w, https:\/\/crmsdataspaceproject.uniovi.es\/wp-content\/uploads\/2025\/09\/CRMsDS_rgb_2lineas_azul-300x168.png 300w, https:\/\/crmsdataspaceproject.uniovi.es\/wp-content\/uploads\/2025\/09\/CRMsDS_rgb_2lineas_azul-768x430.png 768w, https:\/\/crmsdataspaceproject.uniovi.es\/wp-content\/uploads\/2025\/09\/CRMsDS_rgb_2lineas_azul-1536x860.png 1536w, https:\/\/crmsdataspaceproject.uniovi.es\/wp-content\/uploads\/2025\/09\/CRMsDS_rgb_2lineas_azul-2048x1146.png 2048w\" sizes=\"auto, (max-width: 1024px) 100vw, 1024px\" \/><\/figure>\n\n\n\n<p><strong>2.-<\/strong>&nbsp;<strong>CRMsDataSpace Project<\/strong>&nbsp;was presented at the&nbsp;<strong>High-level RFCS Event<\/strong>&nbsp;\u201c<strong>European Coal in Transition: from an industrial legend to cutting-edge research for the future\u201d<\/strong>&nbsp;organised by EURACOAL and the European Commission\u2019s Research Executive Agency (REA) <em>(Carbonarium, Jastrz\u0119bie-Zdr\u00f3j, Poland, 15 May 2025)<\/em>.<\/p>\n\n\n\n<p class=\"has-text-align-center\"><a href=\"https:\/\/crmsdataspaceproject.uniovi.es\/wp-content\/uploads\/2025\/10\/Draft-agenda_Poland-event_2025_V15.pdf\" target=\"_blank\" rel=\"noreferrer noopener\">Download the Agenda of the Event<\/a><\/p>\n\n\n\n<p>The conference was hosted by Europe\u2019s largest coking coal company, Jastrz\u0119bska Sp\u00f3\u0142ka W\u0119glowa S.A., to discuss the challenges facing the coal sector, with a particular focus on the roles of science, technology and engineering in the EU\u2019s green transformation and its raw material supply security.<a href=\"https:\/\/euracoal.eu\/wp-content\/uploads\/2025\/05\/20250515www-konferencja-carbonarium-023.jpg\"><\/a><\/p>\n\n\n\n<figure class=\"wp-block-image\"><img decoding=\"async\" src=\"http:\/\/greenjobsproject.uniovi.es\/wp-content\/uploads\/2025\/05\/Plansza-2_1-DABjpg-con-marco-1024x576.jpg\" alt=\"\" class=\"wp-image-1179\"\/><\/figure>\n\n\n\n<p>The Polish Minister of Industry, Marzena Czarnecka, under whose auspices the conference was held, spoke about the need for a responsible transformation of the coal industry in Silesia \u2013 a region close to her heart with fantastic people and rich traditions. She welcomed the many women present from a male-dominated industry.<\/p>\n\n\n\n<p>The Director-General for Research and Innovation, Marc Lema\u00eetre, thanked the Polish-EU presidency for facilitating the event in Jastrz\u0119bie-Zdr\u00f3j just a few days after Europe Day, on 9 May, to celebrate Robert Schuman\u2019s proposal of 1950 to establish the European Coal and Steel Community for peace and prosperity. Today, he continued, the Research Fund for Coal and Steel supports industrial transition in the coal regions as the EU moves to climate neutrality. The Director-General spoke positively about the range of projects supported at former coal mines and power plants, some reaching a technology readiness level (TRL) of 8. The fund complements the \u20ac7.5 billion Just Transition Fund, and here he pointed to the \u20ac3.8 billion allocation to Polish coal regions. Mr. Lema\u00eetre wished participants a successful event and encouraged applications to the RFCS\u2019s two annual calls, including the \u201cbig-ticket\u201d calls under which \u20ac36.6 million had been awarded since 2021.<\/p>\n\n\n\n<figure class=\"wp-block-image aligncenter\"><img decoding=\"async\" src=\"https:\/\/euracoal.eu\/wp-content\/uploads\/2025\/06\/20250515www-konferencja-carbonarium-019.jpg?w=474\" alt=\"\" class=\"wp-image-14185\"\/><\/figure>\n\n\n\n<p class=\"has-text-align-center\"><a href=\"https:\/\/youtu.be\/Whwz0n3t0iw\" target=\"_blank\" rel=\"noreferrer noopener\">Download the video<\/a><\/p>\n\n\n\n<p>Mr. Marc Tachelet, Director of the European Research Executive Agency, introduced this international conference, which brought together key policymakers, research engineers, and representatives from the coal industry and regions across the European Union. The event, held under the auspices of the Polish Presidency of the European Union, was attended by 200 representatives from the Polish Ministry of Industry, including the Polish Minister of Industry, Marzena Czarnecka, the European Commission, and the European Research Executive Agency, as well as research scientists and industrialists from across Europe.<\/p>\n\n\n\n<figure class=\"wp-block-image aligncenter\"><img decoding=\"async\" src=\"https:\/\/euracoal.eu\/wp-content\/uploads\/2025\/06\/screenshot-2025-05-15-1959-crop.jpg?w=300\" alt=\"\" class=\"wp-image-14187\"\/><\/figure>\n\n\n\n<p>On behalf of EURACOAL, President Krzemie\u0144 thanked all the keynote speakers for joining the conference to share their unique perspectives and observations. She was especially delighted that the event was being held under the patronage of the Ministry of Industry and had attracted members of the Polish Parliament (Sejm) as well as many from industry. The aim, she said, was to demonstrate how EU and national funds were being used to make positive impacts in the mining sector.<\/p>\n\n\n\n<p>On EURACOAL, she remarked on the association\u2019s recent strategic shift to focus on \u201cpowering transition in Europe\u201d, with tasks on reliable energy, recultivating land, repurposing sites, reducing methane and research for the future. She was pleased that the Vice-Marshall had recognised this precise alignment with EU policy as a positive step. Following a successful conference in 2024 in Oviedo, Prof. Krzemie\u0144 looked forward to fruitful discussions in Jastrz\u0119bie-Zdr\u00f3j and to the next RFCS dissemination event in 2026.<\/p>\n\n\n\n<figure class=\"wp-block-image aligncenter size-large is-resized\"><img loading=\"lazy\" decoding=\"async\" width=\"1024\" height=\"766\" src=\"https:\/\/crmsdataspaceproject.uniovi.es\/wp-content\/uploads\/2025\/10\/Foto-de-Carbonarium-1024x766.jpg\" alt=\"\" class=\"wp-image-241\" style=\"width:708px;height:auto\" srcset=\"https:\/\/crmsdataspaceproject.uniovi.es\/wp-content\/uploads\/2025\/10\/Foto-de-Carbonarium-1024x766.jpg 1024w, https:\/\/crmsdataspaceproject.uniovi.es\/wp-content\/uploads\/2025\/10\/Foto-de-Carbonarium-300x224.jpg 300w, https:\/\/crmsdataspaceproject.uniovi.es\/wp-content\/uploads\/2025\/10\/Foto-de-Carbonarium-768x575.jpg 768w, https:\/\/crmsdataspaceproject.uniovi.es\/wp-content\/uploads\/2025\/10\/Foto-de-Carbonarium-1536x1149.jpg 1536w, https:\/\/crmsdataspaceproject.uniovi.es\/wp-content\/uploads\/2025\/10\/Foto-de-Carbonarium.jpg 1600w\" sizes=\"auto, (max-width: 1024px) 100vw, 1024px\" \/><\/figure>\n\n\n\n<p>Regarding the Critical Raw Materials Act of 2024, President Krzemie\u0144 noted that it aims to ensure a sustainable and secure supply of critical raw materials for European industry.&nbsp;In response to this Act, she presented the new RFCS project, CRMsDataSpace, which will survey the extent to which critical raw materials can be recovered from mining waste at tens of thousands of sites across Europe.&nbsp;Member States must establish public databases containing the information needed to support recovery projects. CRMsDataSpace meets that need using the very latest digital tools to deliver a \u201cCommon European Data Space\u201d.&nbsp;Once populated with data, project developers can use this database to assess project opportunities.<\/p>\n\n\n\n<p>Sebastiano Fumero, Head of Unit for Future Low Emission Industries at the European Research Executive Agency, thanked JSW for hosting such a splendid and well-run event at the Carbonarium. He recalled that when REA was delegated to manage the RFCS research programme in 2021, he had wanted to see more dissemination events. In 2024, he had been pleased that steel-related projects were presented at an event in Venice and coal-related ones in Oviedo. The conference in Jastrz\u0119bie-Zdr\u00f3j exceeded his expectations with high-level participation from all those with an interest in RFCS projects and the topical issues covered. He especially thanked Alicja Krzemie\u0144, Brian Ricketts and Andreas Jenet from REA who had together spent the previous months preparing the event, as well as the professional master of ceremonies, Marcin Madzia.<\/p>\n\n\n\n<figure class=\"wp-block-image\"><img decoding=\"async\" src=\"https:\/\/euracoal.eu\/wp-content\/uploads\/2025\/06\/20250515www-konferencja-carbonarium-073-crop.jpg?w=300\" alt=\"\" class=\"wp-image-14217\"\/><\/figure>\n\n\n\n<p><strong>3.-<\/strong>&nbsp;The&nbsp;<strong>CRMsDataSpace Project<\/strong>&nbsp;was showcased at the&nbsp;<strong>First International Congress on mine closure management and how it differs from environmental liabilities<\/strong>, organised by&nbsp;<em>Miner\u00eda y Medio Ambiente Estudio Jur\u00eddico Ltda.<\/em>&nbsp;at the Sheraton Hotel in Bogot\u00e1&nbsp;<em>(Bogot\u00e1, Colombia, 21-23 May 2025)<\/em>.<\/p>\n\n\n\n<p class=\"has-text-align-center\"><a href=\"https:\/\/minetoh2project.uniovi.es\/wp-content\/uploads\/2025\/07\/Presentacion-en-Espanol-AK-PR-05.05.2025-v3.pptx\" target=\"_blank\" rel=\"noreferrer noopener\">Download the presentation<\/a><\/p>\n\n\n\n<div class=\"wp-block-columns is-layout-flex wp-container-core-columns-is-layout-28f84493 wp-block-columns-is-layout-flex\">\n<div class=\"wp-block-column is-layout-flow wp-block-column-is-layout-flow\">\n<figure class=\"wp-block-image alignright size-large\"><img loading=\"lazy\" decoding=\"async\" width=\"1024\" height=\"577\" src=\"https:\/\/crmsdataspaceproject.uniovi.es\/wp-content\/uploads\/2025\/12\/Colombia-1024x577.png\" alt=\"\" class=\"wp-image-299\" srcset=\"https:\/\/crmsdataspaceproject.uniovi.es\/wp-content\/uploads\/2025\/12\/Colombia-1024x577.png 1024w, https:\/\/crmsdataspaceproject.uniovi.es\/wp-content\/uploads\/2025\/12\/Colombia-300x169.png 300w, https:\/\/crmsdataspaceproject.uniovi.es\/wp-content\/uploads\/2025\/12\/Colombia-768x433.png 768w, https:\/\/crmsdataspaceproject.uniovi.es\/wp-content\/uploads\/2025\/12\/Colombia.png 1475w\" sizes=\"auto, (max-width: 1024px) 100vw, 1024px\" \/><\/figure>\n<\/div>\n\n\n\n<div class=\"wp-block-column is-layout-flow wp-block-column-is-layout-flow\">\n<div class=\"wp-block-media-text is-stacked-on-mobile\" style=\"grid-template-columns:85% auto\"><figure class=\"wp-block-media-text__media\"><img decoding=\"async\" src=\"https:\/\/cierredeminasypasivos.com\/wp-content\/uploads\/2025\/05\/MINAS_C1_00842-683x1024.jpg\" alt=\"\" class=\"wp-image-1634 size-full\"\/><\/figure><div class=\"wp-block-media-text__content\">\n<p><\/p>\n<\/div><\/div>\n<\/div>\n\n\n\n<div class=\"wp-block-column is-layout-flow wp-block-column-is-layout-flow\">\n<figure class=\"wp-block-image alignleft\"><img decoding=\"async\" src=\"https:\/\/cierredeminasypasivos.com\/wp-content\/uploads\/2025\/05\/MINAS_C1_00367-1024x683.jpg\" alt=\"\" class=\"wp-image-1619\"\/><\/figure>\n<\/div>\n<\/div>\n\n\n\n<p><strong>4.-<\/strong>\u00a0The\u00a0<strong>CRMsDataSpace Project<\/strong>\u00a0was showcased at the\u00a0<strong>100 years of the Central Mining Institute \u2013 National Research Institute Conference<\/strong>\u00a0on\u00a0<em>Mining the Future: Sustainable Development and Energy Transformation in the European Union<\/em>\u00a0<em>(Katowice, Poland, 2-3 June 2025)<\/em>.<\/p>\n\n\n\n<p class=\"has-text-align-center\"><a href=\"https:\/\/crmsdataspaceproject.uniovi.es\/wp-content\/uploads\/2025\/10\/Mining-The-Future-Program_29052025_v2_PL.pdf\" target=\"_blank\" rel=\"noreferrer noopener\">Download the Programme<\/a><\/p>\n\n\n\n<div class=\"wp-block-columns is-layout-flex wp-container-core-columns-is-layout-28f84493 wp-block-columns-is-layout-flex\">\n<div class=\"wp-block-column is-layout-flow wp-block-column-is-layout-flow\">\n<figure class=\"wp-block-image size-large\"><img loading=\"lazy\" decoding=\"async\" width=\"1024\" height=\"579\" src=\"https:\/\/crmsdataspaceproject.uniovi.es\/wp-content\/uploads\/2025\/10\/GrennJOBS-GIG-anniversary-1-1024x579.png\" alt=\"\" class=\"wp-image-261\" srcset=\"https:\/\/crmsdataspaceproject.uniovi.es\/wp-content\/uploads\/2025\/10\/GrennJOBS-GIG-anniversary-1-1024x579.png 1024w, https:\/\/crmsdataspaceproject.uniovi.es\/wp-content\/uploads\/2025\/10\/GrennJOBS-GIG-anniversary-1-300x170.png 300w, https:\/\/crmsdataspaceproject.uniovi.es\/wp-content\/uploads\/2025\/10\/GrennJOBS-GIG-anniversary-1-768x434.png 768w, https:\/\/crmsdataspaceproject.uniovi.es\/wp-content\/uploads\/2025\/10\/GrennJOBS-GIG-anniversary-1.png 1498w\" sizes=\"auto, (max-width: 1024px) 100vw, 1024px\" \/><\/figure>\n<\/div>\n\n\n\n<div class=\"wp-block-column is-layout-flow wp-block-column-is-layout-flow\">\n<figure class=\"wp-block-image size-large\"><img loading=\"lazy\" decoding=\"async\" width=\"1024\" height=\"576\" src=\"https:\/\/crmsdataspaceproject.uniovi.es\/wp-content\/uploads\/2025\/10\/GIG-anniversary-1024x576.jpg\" alt=\"\" class=\"wp-image-262\" srcset=\"https:\/\/crmsdataspaceproject.uniovi.es\/wp-content\/uploads\/2025\/10\/GIG-anniversary-1024x576.jpg 1024w, https:\/\/crmsdataspaceproject.uniovi.es\/wp-content\/uploads\/2025\/10\/GIG-anniversary-300x169.jpg 300w, https:\/\/crmsdataspaceproject.uniovi.es\/wp-content\/uploads\/2025\/10\/GIG-anniversary-768x432.jpg 768w, https:\/\/crmsdataspaceproject.uniovi.es\/wp-content\/uploads\/2025\/10\/GIG-anniversary-1536x864.jpg 1536w, https:\/\/crmsdataspaceproject.uniovi.es\/wp-content\/uploads\/2025\/10\/GIG-anniversary.jpg 1600w\" sizes=\"auto, (max-width: 1024px) 100vw, 1024px\" \/><\/figure>\n<\/div>\n<\/div>\n\n\n\n<p>5.- The&nbsp;<strong>CRMsDataSpace Project<\/strong>&nbsp;was introduced at the&nbsp;<strong>International Workshop on Revitalization of Post-mining Areas<\/strong>&nbsp;organised by the Silesian University of Technology, with two presentations: &#8220;<em>CRMs Data Space: Common European Data Space on critical raw materials for the Green Deal \u2013 recovery potential from closed extractive coal waste facilities<\/em>&#8221; by Prof. Javier Iglesias Rodr\u00edguez and &#8220;<em>Hydrometallurgical processes for the recovery of critical raw materials from coal mining waste<\/em>&#8221; by Dr. Antonio Luis Marqu\u00e9s Sierra (<em>Gliwice, Poland, 11 December 2025<\/em>).<\/p>\n\n\n\n<p class=\"has-text-align-center\"><a href=\"https:\/\/crmsdataspaceproject.uniovi.es\/wp-content\/uploads\/2025\/12\/International-Workshop-2025.pdf\" target=\"_blank\" rel=\"noreferrer noopener\">Download the Programme of the International Workshop<\/a><\/p>\n\n\n\n<p class=\"has-text-align-center\"><a href=\"https:\/\/crmsdataspaceproject.uniovi.es\/wp-content\/uploads\/2025\/12\/CRMsDS_vOFICIAL.pdf\" target=\"_blank\" rel=\"noreferrer noopener\">Download the first presentation<\/a><\/p>\n\n\n\n<figure class=\"wp-block-image aligncenter size-large is-resized\"><img loading=\"lazy\" decoding=\"async\" width=\"1024\" height=\"576\" src=\"https:\/\/crmsdataspaceproject.uniovi.es\/wp-content\/uploads\/2025\/12\/WhatsApp-Image-2025-12-27-at-5.23.18-PM-4-1024x576.jpeg\" alt=\"\" class=\"wp-image-306\" style=\"width:598px;height:auto\" srcset=\"https:\/\/crmsdataspaceproject.uniovi.es\/wp-content\/uploads\/2025\/12\/WhatsApp-Image-2025-12-27-at-5.23.18-PM-4-1024x576.jpeg 1024w, https:\/\/crmsdataspaceproject.uniovi.es\/wp-content\/uploads\/2025\/12\/WhatsApp-Image-2025-12-27-at-5.23.18-PM-4-300x169.jpeg 300w, https:\/\/crmsdataspaceproject.uniovi.es\/wp-content\/uploads\/2025\/12\/WhatsApp-Image-2025-12-27-at-5.23.18-PM-4-768x432.jpeg 768w, https:\/\/crmsdataspaceproject.uniovi.es\/wp-content\/uploads\/2025\/12\/WhatsApp-Image-2025-12-27-at-5.23.18-PM-4-1536x864.jpeg 1536w, https:\/\/crmsdataspaceproject.uniovi.es\/wp-content\/uploads\/2025\/12\/WhatsApp-Image-2025-12-27-at-5.23.18-PM-4.jpeg 2048w\" sizes=\"auto, (max-width: 1024px) 100vw, 1024px\" \/><\/figure>\n\n\n\n<p class=\"has-text-align-center\"><a href=\"https:\/\/crmsdataspaceproject.uniovi.es\/wp-content\/uploads\/2026\/01\/Gliwice_Postminig_Presentation_ANtonio_Marques-2.pdf\" target=\"_blank\" rel=\"noreferrer noopener\">Download the second presentation<\/a><\/p>\n\n\n\n<figure class=\"wp-block-image aligncenter size-large is-resized\"><img loading=\"lazy\" decoding=\"async\" width=\"1024\" height=\"771\" src=\"https:\/\/crmsdataspaceproject.uniovi.es\/wp-content\/uploads\/2025\/12\/WhatsApp-Image-2025-12-27-at-5.23.18-PM-1024x771.jpeg\" alt=\"\" class=\"wp-image-304\" style=\"aspect-ratio:1.3281633990497514;width:602px;height:auto\" srcset=\"https:\/\/crmsdataspaceproject.uniovi.es\/wp-content\/uploads\/2025\/12\/WhatsApp-Image-2025-12-27-at-5.23.18-PM-1024x771.jpeg 1024w, https:\/\/crmsdataspaceproject.uniovi.es\/wp-content\/uploads\/2025\/12\/WhatsApp-Image-2025-12-27-at-5.23.18-PM-300x226.jpeg 300w, https:\/\/crmsdataspaceproject.uniovi.es\/wp-content\/uploads\/2025\/12\/WhatsApp-Image-2025-12-27-at-5.23.18-PM-768x578.jpeg 768w, https:\/\/crmsdataspaceproject.uniovi.es\/wp-content\/uploads\/2025\/12\/WhatsApp-Image-2025-12-27-at-5.23.18-PM-1536x1157.jpeg 1536w, https:\/\/crmsdataspaceproject.uniovi.es\/wp-content\/uploads\/2025\/12\/WhatsApp-Image-2025-12-27-at-5.23.18-PM.jpeg 2040w\" sizes=\"auto, (max-width: 1024px) 100vw, 1024px\" \/><\/figure>\n\n\n\n<p class=\"has-text-align-center\"><strong>6.-<\/strong>\u00a0<strong>Presentation\u00a0<\/strong>at the\u00a0<strong><em><strong>TGK1 &amp; TGK2 \u2013 Joint\u00a0 Annual Meeting<\/strong>\u00a0<\/em><\/strong>organised by the\u00a0<em>European Research Executive Agency (REA)<\/em>\u00a0and\u00a0<em>Subterra<\/em>\u00a0at the E.T.S.I. Mines and Energy (UPM)\u00a0<em>(Madrid, Espa\u00f1a, 17-18 Mar 2026)<\/em>.<\/p>\n\n\n\n<p class=\"has-text-align-center\"><a href=\"https:\/\/crmsdataspaceproject.uniovi.es\/wp-content\/uploads\/2026\/04\/TGK1-TGK2-agenda-2026.pdf\" target=\"_blank\" rel=\"noreferrer noopener\">Download the Agenda<\/a><\/p>\n\n\n\n<p class=\"has-text-align-center\"><a href=\"https:\/\/crmsdataspaceproject.uniovi.es\/wp-content\/uploads\/2026\/04\/2026_TGK1_CRMsDataSpace_08.03.2026.pptx\" target=\"_blank\" rel=\"noreferrer noopener\">Download the Presentation<\/a><\/p>\n\n\n\n<figure class=\"wp-block-image aligncenter size-large is-resized\"><img loading=\"lazy\" decoding=\"async\" width=\"1024\" height=\"768\" src=\"https:\/\/crmsdataspaceproject.uniovi.es\/wp-content\/uploads\/2026\/04\/5ae7a7f9-4448-44ee-b408-2a06071c9686-1024x768.jpeg\" alt=\"\" class=\"wp-image-325\" style=\"width:600px;height:auto\" srcset=\"https:\/\/crmsdataspaceproject.uniovi.es\/wp-content\/uploads\/2026\/04\/5ae7a7f9-4448-44ee-b408-2a06071c9686-1024x768.jpeg 1024w, https:\/\/crmsdataspaceproject.uniovi.es\/wp-content\/uploads\/2026\/04\/5ae7a7f9-4448-44ee-b408-2a06071c9686-300x225.jpeg 300w, https:\/\/crmsdataspaceproject.uniovi.es\/wp-content\/uploads\/2026\/04\/5ae7a7f9-4448-44ee-b408-2a06071c9686-768x576.jpeg 768w, https:\/\/crmsdataspaceproject.uniovi.es\/wp-content\/uploads\/2026\/04\/5ae7a7f9-4448-44ee-b408-2a06071c9686-1536x1152.jpeg 1536w, https:\/\/crmsdataspaceproject.uniovi.es\/wp-content\/uploads\/2026\/04\/5ae7a7f9-4448-44ee-b408-2a06071c9686-2048x1536.jpeg 2048w\" sizes=\"auto, (max-width: 1024px) 100vw, 1024px\" \/><\/figure>\n\n\n\n<p><\/p>\n","protected":false},"excerpt":{"rendered":"<p>1.- A logo was born. For the development of the CRMsDataSpace project brand, we have based ourselves on three concepts: By combining these three concepts, an icon has been created to symbolise the interoperable platform that will centralise standardised information<\/p>\n","protected":false},"author":1,"featured_media":0,"parent":0,"menu_order":0,"comment_status":"closed","ping_status":"closed","template":"","meta":{"footnotes":""},"class_list":["post-50","page","type-page","status-publish","hentry"],"_links":{"self":[{"href":"https:\/\/crmsdataspaceproject.uniovi.es\/index.php\/wp-json\/wp\/v2\/pages\/50","targetHints":{"allow":["GET"]}}],"collection":[{"href":"https:\/\/crmsdataspaceproject.uniovi.es\/index.php\/wp-json\/wp\/v2\/pages"}],"about":[{"href":"https:\/\/crmsdataspaceproject.uniovi.es\/index.php\/wp-json\/wp\/v2\/types\/page"}],"author":[{"embeddable":true,"href":"https:\/\/crmsdataspaceproject.uniovi.es\/index.php\/wp-json\/wp\/v2\/users\/1"}],"replies":[{"embeddable":true,"href":"https:\/\/crmsdataspaceproject.uniovi.es\/index.php\/wp-json\/wp\/v2\/comments?post=50"}],"version-history":[{"count":33,"href":"https:\/\/crmsdataspaceproject.uniovi.es\/index.php\/wp-json\/wp\/v2\/pages\/50\/revisions"}],"predecessor-version":[{"id":331,"href":"https:\/\/crmsdataspaceproject.uniovi.es\/index.php\/wp-json\/wp\/v2\/pages\/50\/revisions\/331"}],"wp:attachment":[{"href":"https:\/\/crmsdataspaceproject.uniovi.es\/index.php\/wp-json\/wp\/v2\/media?parent=50"}],"curies":[{"name":"wp","href":"https:\/\/api.w.org\/{rel}","templated":true}]}}